
2302
In base 16, what is 37 - -1?
38
In base 14, what is -181 + -3?
-184
In base 6, what is -2 - 4005?
-4011
In base 10, what is 95 + 2?
97
In base 7, what is 213 - -263?
506
In base 10, what is -951 + 1?
-950
In base 7, what is 33 + -1?
32
In base 16, what is -ef + -58?
-147
In base 15, what is -17 + -6e?
-86
In base 8, what is -2 + 227?
225
In base 2, what is -1 + 1101111100?
1101111011
In base 11, what is 700 - -5?
705
In base 15, what is 5 - 26?
-21
In base 7, what is 201 - -11?
212
In base 3, what is -11 + -1222?
-2010
In base 15, what is 0 + -134?
-134
In base 15, what is -4 - -1125?
1121
In base 16, what is -5e5 + -2?
-5e7
In base 8, what is -15 + -15?
-32
In base 10, what is -2 + 304?
302
In base 10, what is -9 + -916?
-925
In base 9, what is 18 + -25?
-6
In base 6, what is -115 + -143?
-302
In base 7, what is -253 + 26?
-224
In base 7, what is 5561 - -2?
5563
In base 6, what is -3 + -2015?
-2022
In base 7, what is 1006 + 0?
1006
In base 7, what is -3364 + 4?
-3360
In base 13, what is -37 + 6?
-31
In base 15, what is 847 + 2?
849
In base 8, what is 231 + 1?
232
In base 12, what is 19 + 50?
69
In base 10, what is -201 + 0?
-201
In base 6, what is -20 - 2?
-22
In base 10, what is -8568 - 2?
-8570
In base 9, what is 3 - 13?
-10
In base 3, what is -1002 + 2?
-1000
In base 16, what is -4e - 0?
-4e
In base 9, what is 1 - 3445?
-3444
In base 8, what is -12707 - 5?
-12714
In base 14, what is -4c - 1?
-4d
In base 5, what is -3 + 22230?
22222
In base 13, what is 8 - -9?
14
In base 16, what is 9a + 0?
9a
In base 2, what is 101 + 100010?
100111
In base 12, what is 37ab + 0?
37ab
In base 15, what is 4c - 4?
48
In base 6, what is -302 + -55?
-401
In base 9, what is -71 - -16?
-54
In base 14, what is -2 - 30?
-32
In base 4, what is 2 + -3303?
-3301
In base 15, what is -291 - 5?
-296
In base 7, what is -22361 - 5?
-22366
In base 5, what is -144 - 101?
-300
In base 6, what is -14102 + -1?
-14103
In base 8, what is 5 + -33?
-26
In base 15, what is e0 + -3?
dc
In base 12, what is 1043 + 5?
1048
In base 12, what is -b84 + 1?
-b83
In base 11, what is 34 + -834?
-800
In base 2, what is 10 + -100111101010?
-100111101000
In base 12, what is -7 + 7?
0
In base 13, what is 1 + -224?
-223
In base 2, what is 11111011 - -10?
11111101
In base 4, what is 1032 + 130?
1222
In base 8, what is -32 + -14?
-46
In base 4, what is 110023 + 11?
110100
In base 9, what is -2 + -356?
-358
In base 12, what is 12b + -7?
124
In base 12, what is 17b6 + 1?
17b7
In base 15, what is -c - b?
-18
In base 13, what is -49 - -2?
-47
In base 13, what is -4 - -967?
963
In base 13, what is 7aa + -4?
7a6
In base 10, what is -54 + -32?
-86
In base 16, what is -3 + -52?
-55
In base 6, what is 2 + 0?
2
In base 13, what is 1 - 124a?
-1249
In base 10, what is 25 - -8?
33
In base 6, what is -2112 + -1?
-2113
In base 4, what is 2231 - -1?
2232
In base 14, what is -9 + 35?
2a
In base 10, what is 1 + -38?
-37
In base 7, what is -26 + -114?
-143
In base 16, what is -1f - -26?
7
In base 10, what is -5 - -974?
969
In base 12, what is -1a + 3a?
20
In base 14, what is -1a8 - -3?
-1a5
In base 3, what is 0 - -100?
100
In base 13, what is -50c + -3?
-512
In base 2, what is -110100 + 0?
-110100
In base 12, what is -8b + 0?
-8b
In base 6, what is -3142 + 0?
-3142
In base 5, what is -1104 + -2?
-1111
In base 3, what is 10022 - -110?
10202
In base 4, what is -323 + -3202?
-10131
In base 5, what is 24134 - -4?
24143
In base 3, what is -21120 - -2?
-21111
In base 7, what is 33 - -2356?
2422
In base 8, what is 2 + 201?
203
In base 13, what is 119 + 82?
19b
In base 16, what is 43c - 5?
437
In base 4, what is 2033 + -121?
1312
In base 6, what is 5 - 22003?
-21554
In base 7, what is -11 + 125?
114
In base 11, what is -6 + 1?
-5
In base 14, what is -4 - 34?
-38
In base 13, what is -9 + 27?
1b
In base 11, what is -580 - -4?
-577
In base 7, what is 4 - 246?
-242
In base 3, what is 10 + 2212012?
2212022
In base 2, what is -1010101 - -100?
-1010001
In base 13, what is -11c - 6?
-125
In base 12, what is -4ba - a?
-508
In base 6, what is 500 + 3?
503
In base 11, what is 2 - -3535?
3537
In base 7, what is 635 - 5?
630
In base 11, what is 3 - 7?
-4
In base 12, what is a58 + -4?
a54
In base 10, what is 81 - -4?
85
In base 4, what is -32 - 123?
-221
In base 15, what is -2 - 542?
-544
In base 7, what is 0 + 13?
13
In base 5, what is -2 + 102204?
102202
In base 6, what is -5 - 25?
-34
In base 2, what is 101000 - -1010?
110010
In base 11, what is 249 - 2?
247
In base 7, what is -420 + -1?
-421
In base 5, what is 10 + 114?
124
In base 15, what is -4 + 9c?
98
In base 10, what is -69 - -5?
-64
In base 14, what is -1a05 - 3?
-1a08
In base 9, what is -5 - 6222?
-6227
In base 13, what is 18 - -7?
22
In base 7, what is -1 + -105?
-106
In base 14, what is 0 - -65?
65
In base 11, what is -47 - 63?
-aa
In base 15, what is -351 + -6?
-357
In base 8, what is -401 + 3?
-376
In base 15, what is -329 - 9?
-333
In base 10, what is 202 - 20?
182
In base 3, what is -1 - 22120?
-22121
In base 15, what is 5 - 6e?
-69
In base 6, what is -52 - 0?
-52
In base 7, what is -5611 - 5?
-5616
In base 9, what is 1 - -3?
4
In base 8, what is 321 + -3?
316
In base 8, what is -143 - -23?
-120
In base 2, what is -110000111 + -10?
-110001001
In base 3, what is 12 + -12000?
-11211
In base 14, what is -8c + 35?
-57
In base 14, what is -209 - -a?
-1dd
In base 15, what is 3 - -20?
23
In base 6, what is 3 - 233?
-230
In base 9, what is 0 - -618?
618
In base 8, what is -20044 + -3?
-20047
In base 15, what is 26ec + 0?
26ec
In base 13, what is -2 - 52a?
-52c
In base 14, what is -2 - 8b?
-8d
In base 8, what is -4 - 126?
-132
In base 15, what is -3 + -ba?
-bd
In base 11, what is 3 - -678?
680
In base 8, what is 15 - 114?
-77
In base 9, what is 58 - 13?
45
In base 14, what is 1211 - -5?
1216
In base 8, what is 204 + -5?
177
In base 8, what is -4 - -6722?
6716
In base 4, what is -3233233 + 10?
-3233223
In base 2, what is -11000 + 11111?
111
In base 8, what is -3046 + -3?
-3051
In base 2, what is 10100001 - 1001?
10011000
In base 5, what is -414 - 211?
-1130
In base 12, what is 4 + 19?
21
In base 4, what is 0 + -30?
-30
In base 15, what is -39 + -c?
-46
In base 11, what is -18 - 281?
-299
In base 16, what is -10 - -2?
-e
In base 15, what is -31 - -2?
-2e
In base 3, what is -12 - -1210?
1121
In base 14, what is 2 - -46?
48
In base 14, what is 0 + -165?
-165
In base 5, what is -12 + 12?
0
In base 9, what is -3 - -2425?
2422
In base 12, what is 0 + 78?
78
In base 5, what is 3 + -421?
-413
In base 16, what is 5875 + 5?
587a
In base 9, what is 4 + 1526?
1531
In base 3, what is 11 + -11112?
-11101
In base 9, what is 12 - 5?
6
In base 14, what is -1 - -20?
1d
In base 6, what is -5 - 24?
-33
In base 15, what is 2 + -2d5?
-2d3
In base 8, what is 22 - 1?
21
In base 2, what is -1001110011 + -10?
-1001110101
In base 9, what is -704 - -4?
-700
In base 4, what is -1122 - -201?
-321
In base 9, what is 1 + -225?
-224
In base 4, what is -1 - 130210?
-130211
In base 7, what is 0 + 24?
24
In base 7, what is -3356 - -2?
-3354
In base 7, what is -23 + 4?
-16
In base 15, what is 49 + -7?
42
In base 3, what is -10 - -1200?
1120
In base 2, what is -1 - -101110?
101101
In base 13, what is 14 - -b7?
cb
In base 8, what is -225 - 4?
-231
In base 14, what is -5 + 372?
36b
In base 14, what is 8aa - -4?
8b0
In base 6, what is 3133 - 33?
3100
In base 14, what is 1ba - 21?
199
In base 14, what is -18c - 5?
-193
In base 15, what is -2 - -3?
1
In base 7, what is -43 + 22?
-21
In base 16, what is -3 - 406?
-409
In base 8, what is 0 + -60?
-60
In base 6, what is 45 - 3?
42
In base 6, what is 30 + 41?
111
In base 16, what is 198e + 0?
198e
In base 14, what is -7 + 35?
2c
In base 7, what is -1 - 1465?
-1466
In base 8, what is 106 - 75?
11
In base 16, what is 5 - 195?
-190
In base 6, what is -11 + 54?
43
In base 11, what is -38 - 578?
-605
In base 5, what is 342 + -21?
321
In base 12, what is 5 - -51?
56
In base 9, what is -2 + 2?
0
In base 13, what is 60 - 26?
37
In base 3, what is 1012111 + 12?
1012200
In base 8, what is -3 + -1?
-4
In base 15, what is -293 + -2?
-295
In base 8, what is -1563 - -4?
-1557
In base 12, what is -3 + -1213?
-1216
In base 9, what is -166 - 5?
-172
In base 11, what is 2 + -3a7?
-3a5
In